2*j + 69 = -8*p + 3*p, 2*j = -4*p + 42. Suppose -2*h = -4*k + 1 - 9, 0 = -4*k + 8. Let d = h + -5. Calculate the greatest common divisor of d and j.
3
Suppose 29*g - 30*g = -242. Calculate the highest common factor of 22 and g.
22
Let f be ((-344)/430)/((-4)/190). Suppose -l = 4*l - 95. What is the highest common divisor of l and f?
19
Suppose c = -2*z + 73, -2*z + 67 = c + 3*z. Suppose -14 - 10 = 6*f. Let g be ((-6)/(-9))/(f/(-66)). Calculate the greatest common divisor of c and g.
11
Let m(u) = 27*u - 1. Let f be m(1). What is the greatest common divisor of 494 and f?
26
Let w(y) = -5*y**2 + 199*y - 76. Let p be w(39). Calculate the greatest common factor of p and 240.
80
Let i = 626 - 186. What is the greatest common factor of 120 and i?
40
Let t = -12 - 2. Let s be (-32)/(-56) + (-132)/t. Calculate the greatest common factor of 2 and s.
2
Let i be (-20 - -11)/(-9)*282. Calculate the highest common factor of 36 and i.
6
Let z be 110/(-30) + 2/(-6). Let c(a) be the first derivative of -11*a**2/2 + 4*a - 9. Let d be c(z). Calculate the highest common factor of d and 12.
12
Suppose -5*u - t = -2*t + 61, -50 = 4*u - 2*t. Let x = -11 - u. Calculate the highest common divisor of x and 5.
1
Suppose 5*u - 174 = 2*d, -4*u = d - 2*d - 138. Suppose 5*a = 3*a + u. Suppose 67 = 3*k - 494. Calculate the highest common factor of k and a.
17
Let k be ((-8)/(-14))/((-6)/(-21)). Suppose -2*r + r + h = -55, -k*r + h = -105. Calculate the greatest common divisor of 10 and r.
10
Suppose -2*u = 3*z + 2*u + 52, 2*z + 16 = 2*u. Let s(q) = -q**3 - 11*q**2 - 16. Let i be s(z). Calculate the highest common factor of 16 and i.
16
Let s = -114 + -34. Let i = s - -246. What is the greatest common divisor of 14 and i?
14
Suppose -6*y - 3*q + 82 = -y, -q = 2*y - 33. Suppose a - 39 = -3*o - o, 2*o + 3*a = y. Calculate the greatest common divisor of o and 90.
10
Let k be -1*(-9 - -5) - (-1 - -1). Suppose 33 = 3*s - 5*c, 2*c = k*s + 3*c - 21. Calculate the greatest common divisor of s and 12.
6
Suppose -141*r - 4*z + 50 = -138*r, 86 = 5*r + 4*z. Suppose -29 = 5*n - 839. Calculate the highest common divisor of n and r.
18
Suppose c = 3*u - 4*c - 4, 4*u = 4*c. Let n(k) = -2*k**3 + k**2 + 2*k - 1. Let d be n(u). Calculate the greatest common factor of 6 and d.
3
Let b(j) = 2*j**2 + 5. Let y be b(2). What is the highest common factor of y and 52?
13
Let j = -790 - -834. What is the highest common factor of 638 and j?
22
Let a = -3263 + 5419. Calculate the highest common divisor of a and 44.
44
Suppose 4*z + 5*o - 24 - 7 = 0, 2*z + o - 11 = 0. Let a(l) = z - 8 + 3*l**2 - 5*l + 10. Let f be a(6). What is the greatest common factor of f and 12?
12
Let q(g) = -2*g**3 + g**2 - 6*g + 4. Let k be q(-3). Calculate the greatest common divisor of k and 5.
5
Let o(i) = -16*i + 150. Let y be o(8). Suppose -5*f + 213 = -172. Calculate the highest common factor of y and f.
11
Let q(g) = -g**3 - 20*g**2 + 25*g + 32. Let y be q(-21). Let o = -14 - y. What is the highest common divisor of 266 and o?
38
Let q(s) = 3*s - 41. Let o be q(17). Calculate the greatest common divisor of 50 and o.
10
Let o(k) = 7*k**2 - k - 3. Let b be o(-3). Suppose -4*m - 27 = -7*m. What is the greatest common factor of b and m?
9
Suppose 0 = -5*j + 2*o + 245, -3*o = 3*j + 75 - 243. Suppose 4*g - 67 - 257 = 0. Let u = g - 47. What is the highest common divisor of u and j?
17
Suppose 0*c = c + 5. Let u = -1 - c. Suppose -u*s = 3*b - 208, s + 3*b - 98 = -s. What is the greatest common divisor of 22 and s?
11
Suppose 3*t + 63 = q, 0 = 2*q - t - 99 - 52. Let y = 61 + -35. What is the highest common divisor of q and y?
26
Let x(c) = -3*c - 10. Let a be x(-10). Let v(d) = 4*d**2 - d + 2. Let r be v(-3). Let k be -1 - r*(-2)/2. What is the highest common factor of k and a?
20
Let s = -88 - -127. Suppose 5*a - 11 + 41 = 0. Let u(r) = r**3 + 8*r**2 + 9*r + 8. Let v be u(a). Calculate the highest common factor of v and s.
13
Let s be (-11)/(33/(-50))*3/2. Calculate the highest common factor of s and 100.
25
Let h(t) = t**3 + 9*t**2 + 7*t. Let p be h(-3). Suppose -4*d - 4 = 0, -5*m + 3 = 5*d - 2. Let v be p/m*44/33. What is the greatest common divisor of v and 66?
22
Let p(x) = x**3 - 20*x**2 + 87*x - 8. Let r be p(6). Calculate the greatest common factor of 125 and r.
5
Let a be -2*3/(-21) - 86/7. Let b be (-15)/(-6) + (-18)/a + 4. Calculate the highest common factor of 104 and b.
8
Suppose 4*w - 2*w = 6. Suppose z - 3*b = 2, w*b - 18 = -3*z - 0*z. Suppose z*v = -212 + 732. What is the greatest common factor of v and 13?
13
Let b(u) = 7*u**3 + 4*u - 8. Let x be b(2). What is the highest common divisor of 308 and x?
28
Let w = 718 + -452. What is the highest common factor of 152 and w?
38
Suppose -k + 279 = 4*g, 4*k - 222 = -5*g + 124. What is the highest common factor of 770 and g?
70
Suppose -3*y - y = -20. Suppose -y*t + 1273 = 4*p, 0 = 8*p - 3*p - 4*t - 1540. Calculate the greatest common divisor of 39 and p.
39
Suppose 2*d = 4, -3*u - u = 2*d - 188. What is the highest common factor of u and 874?
46
Let t(j) = -j**2 + 7*j - 6. Let a be t(6). Let x(d) = -8 + 11 - 1 + d + d**2. Let m be x(a). What is the greatest common factor of 16 and m?
2
Let a be -2*(-3 + -1)/(-8). Let q be a - (-10)/2*(-28)/(-10). What is the highest common divisor of 91 and q?
13
Let q be 8*(-20)/(-50)*25/8. Let g = 4 - 4. Suppose g*w - 320 = -4*w. Calculate the highest common divisor of w and q.
10
Let q(r) = 2*r**2 - 5*r + 7. Let c be q(3). Suppose 64 = 12*f - c*f. What is the highest common divisor of 288 and f?
32
Suppose -35*b + 28*b + 3444 = 0. Calculate the greatest common divisor of 12 and b.
12
Suppose 21 = -5*z + 5*m - 229, 0 = -4*m + 20. Let y be (-54)/z*10/3. What is the highest common divisor of 32 and y?
4
Suppose -4*m + 0 + 4 = 0. Let d(r) = -r. Let u(g) = g + 6. Let t(a) = m*d(a) - u(a). Let p be t(-4). Calculate the greatest common factor of 2 and p.
2
Suppose -2195*q = -2187*q - 192. What is the highest common divisor of q and 132?
12
Let m = -9898 - -9973. Suppose 0*a - 3*a + 45 = 0. What is the greatest common factor of m and a?
15
Suppose 5 + 1 = y - 4*x, -y + 31 = x. Calculate the highest common factor of 6 and y.
2
Suppose -2*w + 205 = 3*w + 5*p, w = 5*p + 29. Suppose -f + 976 = 5*z, -5*z - 4*f = -186 - 793. Calculate the greatest common divisor of z and w.
39
Suppose -2*p + 7*p - 3*z = 33, -4*p + 3*z + 24 = 0. What is the highest common factor of 333 and p?
9
Let c(z) be the first derivative of 15/2*z**2 + 10*z + 7. Let d be c(5). What is the highest common factor of d and 17?
17
Let o = 113 - 23. Let r(v) = -5*v - 16. Let l be r(-5). Calculate the highest common factor of l and o.
9
Let y(c) = 11*c**2 - 10*c + 27. Let t be y(5). What is the highest common divisor of 42 and t?
42
Suppose 2*g = 18*g - 2704. Calculate the highest common divisor of 26 and g.
13
Let o = -2344 + 3236. What is the greatest common factor of o and 4?
4
Let t = 44 + -30. Calculate the highest common factor of 133 and t.
7
Let k be ((-14)/(-42))/(15/36)*350. Suppose -4*p - 39 + 179 = 0. Calculate the greatest common factor of k and p.
35
Let q = -300 - -322. Calculate the highest common divisor of q and 660.
22
Let n be (-249712)/(-528) - 2/(-33). Calculate the greatest common divisor of n and 43.
43
Let w be (1/1)/(14/(-42)). Let h be (2/(-8)*0)/w. Suppose h = -g - 4*g + 110. Calculate the highest common divisor of 33 and g.
11
Suppose -4*x + 5*p = -0*p - 12, 16 = -2*x - 3*p. Let v be 1 + -1*x*124/8. Let l = -103 - -199. Calculate the highest common factor of v and l.
32
Let g be 75/(-5)*1/3. Let u(f) = 4*f**2 + 8*f + 3. Let r be u(g). What is the greatest common divisor of r and 7?
7
Let l(o) = -3*o**3 - o**2 - 2*o - 3. Let m be l(-2). Suppose -123 = -15*g + 87. What is the greatest common divisor of g and m?
7
Let f = 423 - 385. Calculate the highest common factor of f and 19.
19
Let c be (3 - (7 + -5))*30. What is the highest common divisor of 6 and c?
6
Let n be ((-44)/(-154))/((-1)/(-637)). What is the highest common divisor of n and 26?
26
Let k(p) be the second derivative of 17*p**5/20 - p**4/6 + p**2/2 - p. Let w be k(1). Let v = w + -11. What is the greatest common divisor of v and 35?
5
Let k be (-2)/18 - 3/((-162)/3192). Calculate the highe